{"id":110,"date":"2023-10-06T18:29:33","date_gmt":"2023-10-06T16:29:33","guid":{"rendered":"https:\/\/avidexperience.com\/?page_id=110"},"modified":"2025-11-10T09:20:05","modified_gmt":"2025-11-10T08:20:05","slug":"presentation","status":"publish","type":"page","link":"https:\/\/avidexperience.com\/","title":{"rendered":"Pr\u00e9sentation"},"content":{"rendered":"<div class=\"wp-block-image\">\n<figure class=\"aligncenter size-large\"><img loading=\"lazy\" decoding=\"async\" width=\"1024\" height=\"576\" src=\"http:\/\/avidexperience.com\/wp-content\/uploads\/2025\/11\/Logo-avidexpe-2-1024x576.jpg\" alt=\"\" class=\"wp-image-1034\" srcset=\"https:\/\/avidexperience.com\/wp-content\/uploads\/2025\/11\/Logo-avidexpe-2-1024x576.jpg 1024w, https:\/\/avidexperience.com\/wp-content\/uploads\/2025\/11\/Logo-avidexpe-2-300x169.jpg 300w, https:\/\/avidexperience.com\/wp-content\/uploads\/2025\/11\/Logo-avidexpe-2-768x432.jpg 768w, https:\/\/avidexperience.com\/wp-content\/uploads\/2025\/11\/Logo-avidexpe-2.jpg 1280w\" sizes=\"auto, (max-width: 1024px) 100vw, 1024px\" \/><\/figure>\n<\/div>\n\n\n<p><strong>Ch\u00e8re visiteuse, cher visiteur, je vous souhaite la bienvenue sur ce blog!<\/strong><\/p>\n\n\n\n<p>Que vous soyez ici venu par hasard, en cliquant sur un lien, ou sur les recommandations d&rsquo;une connaissance, j&rsquo;esp\u00e8re que vous y trouverez de l&rsquo;int\u00e9r\u00eat en y d\u00e9couvrant tel <a href=\"https:\/\/avidexperience.com\/index.php\/voyages\/\" data-type=\"page\" data-id=\"11\">itin\u00e9raire de voyage original<\/a>, tel <a href=\"https:\/\/avidexperience.com\/index.php\/lectures\/\" data-type=\"page\" data-id=\"13\">r\u00e9cit romanesque et historique passionnant<\/a>, telle <a href=\"https:\/\/avidexperience.com\/index.php\/divers\/\" data-type=\"page\" data-id=\"15\">activit\u00e9 ancestrale fran\u00e7aise<\/a> ou tel <a href=\"https:\/\/avidexperience.com\/index.php\/portraits\/\" data-type=\"page\" data-id=\"548\">portrait de personnalit\u00e9 unique<\/a>.<\/p>\n\n\n\n<p>Je suis en effet un amateur de ces choses vari\u00e9es et j\u2019ai souhait\u00e9 cr\u00e9er ce site afin de partager avec vous, visiteurs connus ou inconnus, mes exp\u00e9riences les plus riches en \u00e9motions, en d\u00e9fis, en d\u00e9couvertes et en rencontres qui, je l&rsquo;esp\u00e8re, pourraient \u00eatre sources, pour vous, d&rsquo;enseignements, de r\u00e9flexions et d&rsquo;inspiration, comme elles l&rsquo;ont \u00e9t\u00e9 pour moi.<\/p>\n\n\n\n<p>Le nom de ce blog m\u2019est venu par l\u2019association des mots \u00ab&nbsp;avide \u00bb et  \u00ab exp\u00e9rience&nbsp;\u00bb qui symbolisent en quelques sortes cette volont\u00e9 de d\u00e9couvrir et exp\u00e9rimenter de nouvelles choses, de suivre ses envies. Ce blog est le deuxi\u00e8me que je publie, apr\u00e8s avoir pris go\u00fbt \u00e0 cet exercice lors d&rsquo;un grand voyage itin\u00e9rant de plusieurs mois sur les routes de la soie en 2022 (<a href=\"http:\/\/www.cap\u00e0lest.com\">www.cap\u00e0lest.com<\/a>).<\/p>\n\n\n\n<p>D\u00e9sormais r\u00e9install\u00e9 \u00e0 Paris avec un emploi d&rsquo;ing\u00e9nieur dans le traitement des d\u00e9chets, je souhaite consacrer une partie de mon temps libre \u00e0 cette occupation sachant que, pour le moment, mes plages horaires sont relativement \u00e9tendues n&rsquo;ayant pas d&rsquo;enfants \u00e0 charge ni un travail surcharg\u00e9.<\/p>\n\n\n\n<p>Je compte alimenter ce blog avec mes propres exp\u00e9riences, en esp\u00e9rant qu&rsquo;elles donneront de la motivation et de l\u2019inspiration \u00e0 d\u2019autres personnes qui souhaiteront \u00e0 leur tour partager les leurs; nous verrons bien. Cela pourrait-\u00eatre \u00e9galement un espace permettant de s&rsquo;ouvrir \u00e0 des id\u00e9es, \u00e0 des mani\u00e8res de vivre, \u00e0 des philosophies diff\u00e9rentes, donc de confronter nos avis et d&rsquo;alimenter des d\u00e9bats sur diff\u00e9rents sujets.<\/p>\n\n\n\n<p>Pour ma part, j&rsquo;ai toujours \u00e9t\u00e9 anim\u00e9 par l&rsquo;envie de d\u00e9couvrir de nouvelles connaissances qui ouvrent l\u2019esprit, qui questionnent, qui apprennent, qui font \u00e9voluer, qui donnent du sens \u00e0 la vie. Cela peut se faire par le biais de voyages physiques mais aussi spirituels. Ces exp\u00e9riences peuvent avoir \u00e9t\u00e9 initi\u00e9es par des tiers comme, par exemple, ma m\u00e8re qui me fit d\u00e9couvrir certains auteurs litt\u00e9raires, ou mon p\u00e8re f\u00e9ru d\u2019Histoire, ou des amis qui m\u2019ont entrain\u00e9 dans des randonn\u00e9es en montagne, ou encore des voyageurs qui ont pu pr\u00e9senter leurs aventures en livres, vid\u00e9os ou conf\u00e9rences\u2026 C\u2019est pourquoi je souhaite \u00e0 mon tour, en toute modestie, apporter ma pierre \u00e0 l\u2019\u00e9difice et partager avec vous des exp\u00e9riences de vie \u00e0 travers ce blog.<\/p>\n\n\n\n<p>Les \u00eatres de passions, les originaux, les imaginatifs, les gens talentueux ou ceux qui sortent des sentiers battus, ceux qui prennent des initiatives singuli\u00e8res, les id\u00e9alistes d\u00e9sint\u00e9ress\u00e9s qui suivent ce que dicte leur c\u0153ur, sans se soucier si leurs aventures seront appr\u00e9ci\u00e9es \u00e0 leur juste valeur, ont toujours susciter mon int\u00e9r\u00eat. Leurs id\u00e9es peuvent parfois \u00eatre clivantes, mais, du moment qu&rsquo;ils agissent de mani\u00e8re sinc\u00e8re en suivant leur propre syst\u00e8me de valeurs sans intention de \u00ab&nbsp;faire le buzz&nbsp;\u00bb ou par opportunisme, cela me plait. M\u00eame si je suis conscient que nous avons tous une part d\u2019ego, moi le premier, consultant avec espoir les courbes de fr\u00e9quentations de mes blogs, guettant les commentaires, les vues et les pouces lev\u00e9s sur les r\u00e9seaux sociaux; c\u2019est aussi une source de motivation dont il faut trouver le bon dosage.<\/p>\n\n\n\n<p>D&rsquo;apr\u00e8s mon exp\u00e9rience, il est crucial de <strong>rester \u00e0 l\u2019\u00e9coute de ses envies et demeurer attentif aux opportunit\u00e9s qui se pr\u00e9sentent puis d&rsquo;avoir le courage de se lancer lorsque ces deux axes se croisent<\/strong>, et ce, m\u00eame si l\u2019exp\u00e9rience s\u2019av\u00e8re parfois d\u00e9cevante ou diff\u00e9rente de ce que l\u2019on avait imagin\u00e9.<\/p>\n\n\n\n<p>L\u2019essentiel est de pas avoir de regrets, de <strong>suivre sa destin\u00e9e tel un cap, telle une \u00e9toile brillante nous donnant une direction mais sans avoir de pr\u00e9cisions sur le chemin pour l\u2019atteindre, c\u2019est \u00e0 chacun de le trouver. <\/strong>Encore faut-il lever les yeux et prendre de la hauteur, quitte \u00e0 attendre un ciel d\u00e9gag\u00e9, afin de trouver cette \u00e9toile ; il y a une part de chance, mais il est avant tout n\u00e9cessaire de se donner les moyens de la saisir si elle se manifeste.<\/p>\n\n\n\n<p>Alors je vous souhaite de bonnes d\u00e9couvertes&nbsp;!<\/p>\n\n\n\n<p>Hugues BERTAUD<\/p>\n","protected":false},"excerpt":{"rendered":"<p>Ch\u00e8re visiteuse, cher visiteur, je vous souhaite la bienvenue sur ce blog! Que vous soyez ici venu par hasard, en cliquant sur un lien, ou sur les recommandations d&rsquo;une connaissance, j&rsquo;esp\u00e8re que vous y trouverez de l&rsquo;int\u00e9r\u00eat en y d\u00e9couvrant&#8230;<\/p>\n","protected":false},"author":1,"featured_media":1034,"parent":0,"menu_order":0,"comment_status":"closed","ping_status":"closed","template":"","meta":{"footnotes":""},"class_list":["post-110","page","type-page","status-publish","has-post-thumbnail","hentry"],"_links":{"self":[{"href":"https:\/\/avidexperience.com\/index.php\/wp-json\/wp\/v2\/pages\/110","targetHints":{"allow":["GET"]}}],"collection":[{"href":"https:\/\/avidexperience.com\/index.php\/wp-json\/wp\/v2\/pages"}],"about":[{"href":"https:\/\/avidexperience.com\/index.php\/wp-json\/wp\/v2\/types\/page"}],"author":[{"embeddable":true,"href":"https:\/\/avidexperience.com\/index.php\/wp-json\/wp\/v2\/users\/1"}],"replies":[{"embeddable":true,"href":"https:\/\/avidexperience.com\/index.php\/wp-json\/wp\/v2\/comments?post=110"}],"version-history":[{"count":13,"href":"https:\/\/avidexperience.com\/index.php\/wp-json\/wp\/v2\/pages\/110\/revisions"}],"predecessor-version":[{"id":1035,"href":"https:\/\/avidexperience.com\/index.php\/wp-json\/wp\/v2\/pages\/110\/revisions\/1035"}],"wp:featuredmedia":[{"embeddable":true,"href":"https:\/\/avidexperience.com\/index.php\/wp-json\/wp\/v2\/media\/1034"}],"wp:attachment":[{"href":"https:\/\/avidexperience.com\/index.php\/wp-json\/wp\/v2\/media?parent=110"}],"curies":[{"name":"wp","href":"https:\/\/api.w.org\/{rel}","templated":true}]}}